d) = t*d**2 - 3*d**2 + 1 - 6 - 2 + 3*d. What are the prime factors of p(-4)?
3, 5
Let l = -4 - 2. Let h be -10*(57/l - -2). Suppose 0 = -0*i + 4*i - t - 149, -2*i + t + h = 0. List the prime factors of i.
37
Let b(x) = x**2 - 2*x + 6. Let l(n) = n**2 - 2*n + 1. Suppose -2*d - 4*t = 15 - 5, -2*d = -4*t - 22. Let j be l(d). List the prime factors of b(j).
2, 7
Let d = -8 - -8. Suppose 4*n + 6*s - s + 1 = d, 3*n - 5*s - 43 = 0. List the prime factors of 58/n + (-4)/6.
3
Let k(j) = -6*j**3 + 3*j**3 + 2*j**3 - 10 - 13*j - 12*j**2. Let w be k(-11). Suppose 0 = -2*a - 3*u - 2 - 0, -2*a + 4*u = -w. What are the prime factors of a?
2
Let a(t) = -18*t + 14. Let w be a(-4). Let s = -52 + w. List the prime factors of s.
2, 17
Suppose 7*w - 2*w = 4*g - 160, -2*g + 26 = -w. Let z = w - -90. What are the prime factors of z?
2, 3
Suppose 10*r - 2 - 28 = 0. Suppose v - r*c = 58, -4*c - 163 = -3*v - 6*c. What are the prime factors of v?
5, 11
Let x(n) = -n**2 + 7*n - 6. Let i be x(5). Let l(p) = 3 + 2*p - i*p - 13 + 0. What are the prime factors of l(-6)?
2
Let x(f) = f**3 + 3*f**2 + 4*f. Let a = -11 + 8. Let w be x(a). Let m = w - -31. List the prime factors of m.
19
Suppose 1 = 3*t + 4*z, -2*z - 22 = -t + z. Let x be t/35 + (-38)/(-10). Let l(k) = 3*k**2 - 5*k + 9. List the prime factors of l(x).
37
Let t(r) = 2*r**2 - 10*r - 8. Let q be t(10). Suppose 4*j - q = 5*b, -j - 3*j = 2*b - 92. What are the prime factors of j?
23
What are the prime factors of 14/(-3)*(-8748)/24?
3, 7
Let f(p) = p**2 + p + 1. Let u be f(-1). Let r(i) be the second derivative of 3*i**4/4 + i**2/2 - 5*i. List the prime factors of r(u).
2, 5
Let k be -3*(5110/(-15))/7. Suppose 0 = 3*s - k + 23. List the prime factors of s.
41
What are the prime factors of -2 - (0 + -3) - -289?
2, 5, 29
Suppose 12*p + 20 = 7*p. What are the prime factors of 9/(p/80*-5)?
2, 3
Let t = 652 + -344. List the prime factors of t.
2, 7, 11
Let v be 5/2 + (-945)/(-54). Let u = -33 + 19. Let r = u + v. What are the prime factors of r?
2, 3
Let f = -2669 - -5087. Suppose 8*d = f - 314. List the prime factors of d.
263
Suppose 0 = 4*s - 2*b - 9340, 0 = s - 4*b - 355 - 1980. What are the prime factors of s?
5, 467
Let r(w) = 24*w**2 + w. Let g be r(2). Let k = 634 - 665. Let t = g + k. List the prime factors of t.
67
Suppose -12*y - 16 = -4*y. List the prime factors of 511/4 + y/(-8).
2
Let p(j) be the first derivative of -j**4/2 + j**3 + 3*j**2 + 7. Let s(x) be the second derivative of p(x). List the prime factors of s(-4).
2, 3
Suppose 4*y = 2*f - 10, -15 = 5*y - 2*f - 3. List the prime factors of (-81)/y + 15/(-10).
3, 13
Suppose -3*m = 133 - 1246. Suppose p - r = -p + m, 2*p + 5*r = 389. List the prime factors of p.
11, 17
Suppose 5*j - 5879 = -5*s + 13781, -7848 = -2*s + 2*j. What are the prime factors of s?
2, 491
What are the prime factors of 4 - (36 + 3482)*(-2)/4?
41, 43
Let l(g) = -g**3 - 4*g**2 + 6*g + 62. What are the prime factors of l(-6)?
2, 7
Suppose -57*g = -7*g - 37650. What are the prime factors of g?
3, 251
Let t(x) = 51*x**2 + 29*x + 139. What are the prime factors of t(-8)?
3, 7, 151
Let n = -37 - -43. Suppose -2*w = -n*w + 464. List the prime factors of w.
2, 29
Let o be (-14)/(-4) + (-9)/(-6). Suppose 5*n - 402 = -2*k, o*n + k = 3*k + 398. List the prime factors of n.
2, 5
Let v(x) = -3*x**2 - 6*x + 4. Let g(t) = -2*t**2 - 7*t + 4. Let p(u) = 4*g(u) - 5*v(u). List the prime factors of p(6).
2, 5, 13
Let g(l) = l**2 - 2*l - 13. Suppose -6*i = -2*i + 92. Let d = i - -32. List the prime factors of g(d).
2, 5
Suppose -2*n + 3*n = -a + 19, 4*n - 83 = 3*a. Let o be ((-2)/(-3))/((-6)/(-45)). Suppose -k - 5*x + 4*x + 16 = 0, o*x = n. List the prime factors of k.
2, 3
Let m(g) = 49*g**3 + 1. Suppose p = -d - 5, d + 0 + 3 = p. Let l be m(p). List the prime factors of (-1 - 0)/(8/l).
2, 3
Suppose 21*f = 16*f - 3*g + 5775, 5*f - 3*g - 5775 = 0. List the prime factors of f.
3, 5, 7, 11
Suppose 0 = q + 3*s + 6, -q = 3*q - 2*s - 32. List the prime factors of (-19)/(-9)*3*q.
2, 19
Let j be (9/(-6))/(9/24). Let d = 7 + j. Suppose 0 = -0*s - s - 5*z + 27, -d*z - 11 = -s. List the prime factors of s.
17
Let z = 85 + 18. Let s = -74 + z. Let q = 37 + s. List the prime factors of q.
2, 3, 11
Suppose 3*c = -80 + 98. Suppose -c*j + 5*j = -65. What are the prime factors of j?
5, 13
Let r be 16/1*3/6. Suppose l = -l + r. Suppose 59 = l*w - 65. List the prime factors of w.
31
Suppose -d - m = -3, 5*m = -4*d + 17 - 1. Let u = 5 + d. Suppose -u*s + 28 = 8. List the prime factors of s.
5
Suppose -15 - 1 = -4*n. Suppose -4*f - f = -n*z - 68, -f + 5*z + 1 = 0. Suppose f + 22 = 2*x. What are the prime factors of x?
19
Let v(x) = 9*x**3 + x**2 - 3*x + 2. Let g be v(1). Suppose -8*r = -g*r + 60. List the prime factors of r.
2, 3, 5
Suppose 139*i + 1119 = 142*i. What are the prime factors of i?
373
Let o be (-2)/(-2) + -1 + -58 + 0. Let i = o - -126. What are the prime factors of i?
2, 17
Suppose -v + 5*i = 19, 0*v - v = 3*i - 13. Let l be (11/(-22))/(v/(-10)). Suppose -3*r - l*x = 2*r - 100, 3*r - 84 = 3*x. What are the prime factors of r?
2, 3
Suppose -v - 3*v - 2*f = -66, v = f + 18. List the prime factors of (-7 + 4 - 4)/((-1)/v).
7, 17
Let k = 835 + -581. List the prime factors of k.
2, 127
Suppose -2*c = 7*v - 4*v - 1790, c - 3*v - 895 = 0. What are the prime factors of c?
5, 179
Suppose i - 16 = 2*j, 0*i + 2*j = -2*i + 56. What are the prime factors of (-68)/6*i/(-16)?
17
Suppose -z + 2352 = 2*i, 2*z - 3535 = -3*i + 4*z. Suppose i - 337 = 4*j. List the prime factors of j.
2, 3, 5, 7
Let y(k) = -7*k - 28. Suppose -2*s - 9 - 21 = 0. What are the prime factors of y(s)?
7, 11
Let m = 33 - 26. Suppose 0 = -m*i + 10*i - 333. What are the prime factors of i?
3, 37
Let z(l) = -l + 10. Let m be z(5). Suppose -459 = -m*t + 116. List the prime factors of t.
5, 23
Suppose 11*r - 14 = 4*r. Suppose -r*u = 3*w + 48 - 159, -w = -u + 68. List the prime factors of u.
3, 7
Let j(s) be the third derivative of 11*s**4/12 - 2*s**3/3 - 8*s**2. Let o(h) = 351*h - 63. Let r(u) = 33*j(u) - 2*o(u). What are the prime factors of r(2)?
2, 3, 7
Let r = -10 + 13. Suppose r*f + 18 = 3. Let p(s) = s**3 + 6*s**2 - 4*s + 10. List the prime factors of p(f).
5, 11
Suppose 13*w = 28*w - 1545. What are the prime factors of w?
103
Suppose 8*z = 6*z + 68. Let s = z + 33. What are the prime factors of s?
67
Let r(j) = 41*j - 6. Let d be r(-8). Let n(z) = -2*z**2 - 11*z - 10. Let i be n(-4). List the prime factors of d/(-10) - i/5.
3, 11
Let i(a) = 139*a**3 + 2*a**2 + 5*a + 2. What are the prime factors of i(3)?
2, 947
Let z(k) = -k**3 - 6*k - 4. Let o be z(-4). Let r(h) = 35*h + 350. Let g be r(-10). Suppose 3*c - o = -g*c. List the prime factors of c.
2, 7
Let x(h) = h - 1. Let y be x(1). Suppose -9 = -5*w - p - y*p, 0 = -3*p - 3. Suppose w*b = 2*d - 3*d + 7, 4*b - 23 = -3*d. What are the prime factors of d?
3
Let q(f) = 2581*f + 70. What are the prime factors of q(2)?
2, 3, 109
List the prime factors of -1 - 3 - -4 - -636.
2, 3, 53
Suppose 5*h = h - 2*w - 102, 0 = -3*h + 2*w - 80. Let f = 46 + h. Suppose -f*m = -21*m + 41. List the prime factors of m.
41
What are the prime factors of 276 + -2 - ((-108)/(-6))/6?
271
Let i = 257 + 168. What are the prime factors of i?
5, 17
Let o(k) = -2*k + 18. Let y(i) = 3*i - 37. Let d(w) = -5*o(w) - 2*y(w). Let p be d(7). Let f(u) = -u**2 + 13*u - 2. What are the prime factors of f(p)?
2, 5
Suppose 5*m - 260 - 25 = 0. Let u = 85 - m. What are the prime factors of u?
2, 7
Let w(u) = 2*u - 22. Let d be w(11). Let k be (0 - d)*(-8)/16. Suppose k = 2*y + x - 61, 2*y + y - 102 = -5*x. What are the prime factors of y?
29
Let w = 76 - 73. Let l = 43 + -31. Suppose 3*c - l = w. What are the prime factors of c?
5
Suppose -1218 = -4*x - 2*k, 2*k - 1525 = -0*x - 5*x. Suppose -2*g + a = -121 - 77, x = 3*g + a. List the prime factors of g.
101
Let d = -28 - 47. Let y = -32 - d. Let b = -31 + y. What are the prime factors of b?
2, 3
What are the prime factors of (-1480)/6*(-2688)/320?
2, 7, 37
Let q be 4/(-6)*81/(-18). Let x = 84 + q. Suppose -15*d + x = -12*d. What are the prime factors of d?
29
Suppose 8*z = 4*z + 20. Let v = -2 + z. Suppose v*t - 18 = 24. What are the prime factors of t?
2, 7
Let o = -915 + 1755. What are the prim